hat is p(-8)?
-18
Let q(d) = 3*d**2 + 32*d - 2. Determine q(-13).
89
Let d(p) = 14*p - 37. What is d(3)?
5
Let w(a) = a**3 - 6*a**2 - 5*a + 39. Determine w(6).
9
Let i(k) = k**3 - 6*k**2 - 10*k + 17. Give i(6).
-43
Let w(x) = -x**3 + 29*x**2 + 58*x + 115. Give w(31).
-9
Let w(r) = 6*r + 21. Determine w(-7).
-21
Let j(k) = k**3 - 5*k**2 - 7*k + 7. What is j(6)?
1
Let h(r) = -r + 2. Give h(-9).
11
Let n(s) = -15*s**2 - 120*s + 1. Calculate n(-8).
1
Let v(z) = 2*z + 2. Give v(10).
22
Let k(z) = z**3 - 61*z**2 + 117*z + 77. Give k(59).
18
Let x(t) = -2*t - 7. What is x(0)?
-7
Let m(y) = 6*y - 11. What is m(3)?
7
Let z(u) = u**3 + u**2 + u + 18. Give z(0).
18
Let s(n) = -n**3 - n + 1. Determine s(0).
1
Let q(x) = -2*x + 9. Give q(24).
-39
Let i(h) = 4*h**2 + 46*h + 16. Calculate i(-11).
-6
Let x(p) = p**3 - 2*p**2 - p - 10. Give x(3).
-4
Let w(o) = o**2 + 3*o - 58. Determine w(-9).
-4
Let g(c) = c**3 + 3*c**2 - 10*c - 24. Determine g(-3).
6
Let l(t) = t**3 - 5*t**2 + 4*t - 2. What is l(5)?
18
Let z(f) = -11*f - 77. Determine z(-7).
0
Let c(k) = 2*k - 21. Calculate c(9).
-3
Let g(v) = -3*v + 9. Calculate g(-2).
15
Let p(t) = -t**3 - 8*t**2 - 17*t - 80. What is p(-7)?
-10
Let b(j) = 2*j - 20. Give b(-6).
-32
Let k(s) = -9*s - 23. What is k(-6)?
31
Let d(t) = -3*t**3 - 23*t**2 - 30*t - 1. Determine d(-6).
-1
Let n(r) = -r + 3. Calculate n(-9).
12
Let n(t) = -t**3 - 8*t**2 + 9*t - 6. Give n(-9).
-6
Let w(q) = -q**3 - 7*q**2 - 2*q + 12. Give w(-5).
-28
Let v(s) = s**3 + 17*s**2 + 17*s - 12. Give v(-16).
-28
Let y(m) = -2*m**2 + 17*m + 34. Calculate y(10).
4
Let u(s) = s**3 + 5*s**2 + 5*s + 4. Determine u(-3).
7
Let p(s) = -s**2 - 4*s + 5. What is p(-5)?
0
Let d(h) = 17*h**3 - 5*h**2 + h - 1. Determine d(2).
117
Let v(r) = -r**2 + 11*r + 22. What is v(13)?
-4
Let l(w) = -3*w - 40. What is l(-12)?
-4
Let f(r) = -r**3 - 7*r**2 + 9*r - 15. What is f(-8)?
-23
Let x(r) = 2*r**3 - 25*r**2 - 12*r + 285. Give x(12).
-3
Let k(m) = -m**3 + 7*m**2 + 4*m + 5. What is k(8)?
-27
Let x(m) = 3*m + 20. Give x(-7).
-1
Let g(b) = b**2 - 10*b. Give g(7).
-21
Let q(l) = l**3 + 9*l**2 - 3*l + 3. Give q(-8).
91
Let t(i) = -2*i + 2. What is t(7)?
-12
Let s(w) = w - 15. Give s(14).
-1
Let g(t) = 2*t**3 + 14*t**2 - 17*t - 3. What is g(-8)?
5
Let w(t) = -2*t + 6. Determine w(4).
-2
Let l(z) = -z**3 + 7*z**2 - 7*z - 7. Determine l(4).
13
Let s(t) = t**2 - 16*t + 6. Determine s(19).
63
Let c(x) = -x**2 - 3*x + 9. Determine c(-6).
-9
Let l(s) = s + 7. What is l(3)?
10
Let s(d) = d**3 + 8*d**2 + 6*d - 4. What is s(-7)?
3
Let o(c) = -c**3 - 21*c**2 - 109*c - 16. Determine o(-12).
-4
Let k(p) = -7*p + 58. Calculate k(10).
-12
Let k(j) = 2*j + 12. Give k(-3).
6
Let k(m) = -m - 12. Calculate k(-15).
3
Let u(x) = 2*x + 4. Give u(4).
12
Let l(s) = 2*s + 40. What is l(0)?
40
Let i(q) = q**2 - q - 2. What is i(-3)?
10
Let c(l) = l**2 - 8*l + 16. Give c(6).
4
Let i(t) = t**3 + 3*t**2 - 3*t. Determine i(-4).
-4
Let r(h) = -h**2 - 2*h + 37. What is r(-6)?
13
Let k(n) = 27*n - 79. Determine k(3).
2
Let l(g) = 4*g - 13. Calculate l(14).
43
Let g(a) = -a**3 - 4*a**2 - 4*a - 9. What is g(-3)?
-6
Let h(o) = -o**3 - 2*o**2 - 5. Calculate h(-4).
27
Let r(h) = 31*h - 37. Determine r(6).
149
Let i(r) = 47*r**3 - 4*r - 4. Give i(-1).
-47
Let k(v) = -2*v**2 - 7*v + 38. Give k(-9).
-61
Let n(o) = 4*o**3 - 3*o**2 - 3*o - 1. Determine n(-2).
-39
Let b(j) = 6*j + 12. What is b(-5)?
-18
Let k(b) = b**3 - 18*b**2 - 17*b - 26. Give k(19).
12
Let v(c) = 17*c**3 - c. Determine v(-2).
-134
Let f(c) = -22*c + 5. Give f(0).
5
Let t(w) = -w**2 - 11*w - 16. Give t(-8).
8
Let r(l) = l**2 + 8*l - 1. Determine r(-6).
-13
Let k(d) = -2*d + 36. Determine k(19).
-2
Let x(d) = 4*d**3 - 2*d**2 - 3*d - 2. Determine x(-1).
-5
Let j(m) = -24*m**2 - m - 1. Calculate j(-1).
-24
Let r(o) = -3*o + 77. Give r(33).
-22
Let r(y) = -y**2 - 5*y - 36. Determine r(-9).
-72
Let c(m) = m + 13. Calculate c(-10).
3
Let k(b) = b**2 + 36*b + 4. What is k(-37)?
41
Let k(r) = r**3 + 21*r**2 - 20*r + 45. Give k(-22).
1
Let k(h) = 8*h - 17. Determine k(-11).
-105
Let k(n) = 2*n**3 - 5*n**2 - 11*n + 9. Determine k(5).
79
Let v(w) = 4*w**2 - 12*w - 13. Give v(6).
59
Let l(f) = 3*f + 14. What is l(-8)?
-10
Let r(g) = -7*g - 6. Give r(21).
-153
Let f(q) = -q**3 - 6*q**2 - q + 6. What is f(-5)?
-14
Let r(o) = -o**3 + 5*o**2 - 3*o + 8. Determine r(5).
-7
Let v(l) = 11*l**3 - 45*l**2 + 15*l - 43. Determine v(4).
1
Let l(v) = v**3 + 4*v**2 + v - 1. What is l(-3)?
5
Let z(d) = -d + 41. What is z(35)?
6
Let q(g) = g**3 - 6*g**2 + 7*g - 5. Determine q(4).
-9
Let t(x) = -5*x + 45. What is t(9)?
0
Let u(q) = q**3 + 8*q**2 + 12*q - 11. Determine u(-5).
4
Let f(g) = g**3 - g**2 + g - 58. What is f(0)?
-58
Let w(j) = -j**3 + 10*j**2 + 2*j - 22. Determine w(10).
-2
Let k(m) = m**3 - 22*m**2 + m - 20. Give k(22).
2
Let l(z) = -z**2 - 94*z - 512. What is l(-6)?
16
Let v(w) = -w**3 + 7*w**2 - 8*w + 1. Give v(5).
11
Let h(m) = m - 8. Determine h(-8).
-16
Let j(p) = p**2 - 15*p + 15. Determine j(5).
-35
Let n(q) = q**3 + 13*q**2 + 23*q + 12. Calculate n(-11).
1
Let i(d) = d + 2. Determine i(1).
3
Let w(x) = x**2 + 9*x + 5. Determine w(-8).
-3
Let f(p) = 63*p + 1. Calculate f(-2).
-125
Let x(t) = -3*t**2 - 95*t - 2. Give x(-32).
-34
Let f(a) = -17*a**3 - 4*a**2 - 3*a. Determine f(-1).
16
Let y(f) = f**2 + 4*f - 623. Give y(23).
-2
Let u(m) = -m**2 - 3*m + 191. What is u(12)?
11
Let f(v) = -2*v**3 + 79*v**2 + 50*v - 398. Calculate f(40).
2
Let b(w) = -3*w**2 - 3*w + 3. Determine b(-3).
-15
Let d(v) = 163*v**3 - v**2 + v + 2. What is d(-1)?
-163
Let k(m) = -3*m + 2. Calculate k(3).
-7
Let x(y) = 2*y**2 + 8*y - 4. Determine x(-4).
-4
Let i(n) = -n**3 + 7*n**2 - 8*n + 19. Give i(7).
-37
Let t(z) = z**2 + 52*z + 45. Give t(-51).
-6
Let g(x) = -18*x**3 + 2*x**2 + x. Determine g(-1).
19
Let h(u) = -u**3 - 12*u**2 - 18*u + 14. Determine h(-10).
-6
Let u(m) = -m**3 - 5*m**2 + 4*m - 3. Determine u(-4).
-35
Let d(a) = -5*a + 74. Give d(8).
34
Let z(v) = v**3 - 31*v**2 - 66*v. What is z(33)?
0
Let n(h) = -3*h**3 - 2*h - 3. What is n(-1)?
2
Let h(k) = -27*k + 46. Determine h(2).
-8
Let y(d) = -4*d**3 + d**2 + d - 1. What is y(-1)?
3
Let q(x) = -13*x - 34. Calculate q(-3).
5
Let w(i) = 11*i + 25. Determine w(1).
36
Let h(u) = u**3 - 10*u**2 + 8*u + 1. Determine h(3).
-38
Let p(u) = -u**3 + 10*u**2 - 5*u - 24. Determine p(8).
64
Let m(g) = -g**3 + 48*g**2 + 49*g - 8. Give m(49).
-8
Let m(l) = l**3 + 4*l**2 - 5*l - 4. Determine m(-3).
20
Let k(l) = -7*l**3 + 3*l + 4. Give k(-2).
54
Let w(m) = -3*m**2 - 13*m - 7. Determine w(-5).
-17
Let t(f) = -f**3 + 3*f**2 + 3*f. Give t(3).
9
Let m(n) = -n**2 - 6*n - 8. Calculate m(-8).
-24
Let d(f) = f**3 - 7*f**2 - 7*f + 7. Determine d(8).
15
Let q(y) = y**3 + 18*y**2 + 80*y - 9. What is q(-10)?
-9
Let u(k) = 18*k - 19. Give u(-2).
-55
Let i(n) = -n**3 - 7*n**2 + 1. Determine i(-7).
1
Let c(f) = 7*f + 52. Give c(-8).
-4
Let v(y) = -y**2 - 37*y - 95. What is v(-35)?
-25
Let b(r) = -16*r - 9. Calculate b(1).
-25
Let c(q) = -2*q**2 + 1. Give c(-2).
-7
Let a(n) = -3*n - 9. Give a(-3).
0
Let c(j) = 23*j + 12. Give c(-1).
-11
Let r(a) = -a**2 + a. What is r(0)?
0
Let w(k) = k**3 - 19*k**2 - 2*k + 22. What is w(19)?
-16
Let v(a) = a**2 - 15*a + 18. Calculate v(18).
72
Let h(c) = -c**3 + 8*c**2 - 6*c - 1. Calculate h(8).
-49
Let k(o) = 6*o + 1. Determine k(-2).
-11
Let o(x) = x**2 - 13*x - 14. Give o(13).
-14
Let s(k) = 2*k**2 + 75*k - 290. Determine s(-41).
-3
Let r(g) = -4*g + 11. What is r(-8)?
43
Let g(p) = -p + 4. Calculate g(12).
-8
Let m(z) = -16*z**2 - 2*z - 3. Determine m(-1).
-17
Let o(g) = -2*g - 9. Determine o(-7).
5
Let n(g) = 8*g + 118. Calculate n(-14).
6
Let w(k) = -k - 17. Give w(0).
-17
Let t(m) = 2*m**2 - 3*m - 25. What is t(9)?
110
Let m(h) = 2*h**3 + 11*h**2 - 5*h + 4. Determine m(-5).
54
Let v(t) = 5*t**2 + 3*t + 3. Calculate v(-1).
5
Let x(c) = 13*c + 153. What is x(-12)?
-3
Let f(p) = -p**3 + 4*p**2 + 2*p + 6. Determine f(5).
-9
Let f(y) = y**3 + 2*y**2 - 5*y + 6. Calculate f(-4).
-6
Let p(b) = b**3 - 7*b**2 - 5*b - 2. What is p(8)?
22
Let d(w) = w**2 - 15*w + 44. Give d(13).
18
Let c(v) = -v**3 + 5*v + 3. What is c(-3)?
15
Let y(w) = -13*w**2 - w. Calculate y(1).
-14
Let x(u) = -u**3 + 6*u**2 + 2*u - 7. What is x(5)?
28
Let f(k) =